1 - -2) + (1 - 0) - (1680 + -1724).
48
What is the value of -36 - 0 - (40 + -34 + 22 + -29)?
-35
Calculate (-12 - -15) + -2 + 5 + -8 - (-16 + 0).
14
15 + -19 + 24 - -17
37
Evaluate -55 - ((13 - (-9 - (-9 - 3))) + (9 - 8)).
-66
What is the value of (-29 + (-14 - -80) - -34) + -8?
63
Calculate -1 + 47 - (2 + 3 + 4 + 4).
33
-50 - (-13 + (10 - (5 + 3 + 0 + -7)))
-46
Calculate 61 - (-9 + (12 + 31 - 20)).
47
Evaluate 2 + 12 - ((-15 - -41) + (0 - 18)).
6
Evaluate 13 + 1 + -24 - -9 - (-6 - 5 - -6).
4
Evaluate 60 + -41 + -60 - -20 - -116.
95
Evaluate (51 - -2) + (10 - (16 + 3 + -98 + 80)).
62
2 + -4 + 3 + -51 + (-16 - (0 - 5))
-61
Evaluate (3 - 4 - 7) + 12 - 70 - (-4 - -16).
-78
What is the value of -122 - 2 - (-3629 + 3577)?
-72
Evaluate 40 + 10 + (286 - 288).
48
Calculate (17 - (0 - 4 - -8) - 0) + (39 - 49).
3
Calculate (1 - 16) + 18 + -5 + (1 - 1) + 96.
94
Calculate 2 + -6 - (11 + -47 + 17) - (3 + 50).
-38
Calculate (-1 - 0) + -100 + 47270 + -47294.
-125
What is the value of 0 + -1 + (123 - 99 - (4 + 15))?
4
What is 59 - (-7 + -13 + 23 + (-1 - (-4 + 16)))?
69
What is -72 + -3 + 7342 + -7269?
-2
What is the value of 87 - (-42 - -12 - -49)?
68
8 - (12 + -64) - (-21 - 2)
83
-38 + 48 + -40 + 18
-12
Calculate (9 - -31 - 52) + -1 + 45.
32
Evaluate (35 - -4) + (-65 - -149) + 2.
125
What is the value of -12 - ((49 - 109) + 84 - (5 - 1))?
-32
What is (34 - 192 - -83) + 14?
-61
What is the value of -10 + -1 + -4 + -15 + 0?
-30
Evaluate (-11 + 19 - (4 + -15)) + 20 + -17.
22
What is the value of -9 + 51 + 6 - (15 - 5)?
38
39 + (-12 - 3) - (-18 + 34)
8
-2 + -7 + -1 - (-67 - 36 - -90)
3
What is -105 + -72 + 268 - (1 - 0) - 8?
82
What is the value of 1 + -4 + (-177 - -229)?
49
Evaluate (-2 - -28) + (94 - (25 - -82)).
13
2 + 23 + 138 + -172 + 54
45
17 - (21 - (-2 + 8 - 0)) - -17
19
Calculate (5 + 1 - ((-4 - -8) + 6)) + -32 - 2.
-38
What is the value of -31 + -8 + 8 - 2 - (17 - 13)?
-37
Evaluate -26 + 14 - -13 - 13 - 35.
-47
Calculate (1 - -38) + (-25 - (100 - 148)).
62
Evaluate 103 - ((82 - 133) + 135).
19
(-24 - -1) + (-22 - -16) + 35
6
Evaluate 4 + 6 + -10 + (-46 - (26 + -40)).
-32
Evaluate 3 - (21 + (41 - 48) - (1 - -10)).
0
46 - (-37 - (9 + -128))
-36
Calculate 142 + (-68 - 89) + (2 - (-6 - (1 - 2))).
-8
What is the value of 107 - 164 - (0 - (0 + 2))?
-55
(0 - 2 - -5 - 6) + -30 + 17
-16
What is the value of -24 + 0 - (1916 + -1889)?
-51
What is the value of 69 + (3 + 7 - (-1 - (20 + -5) - -32))?
63
What is the value of -46 + 172 - (-18 + 65)?
79
What is the value of -971 - -980 - (-2 - 22)?
33
What is (61 - 40) + -9 + -24?
-12
182 + -115 + -71 + (-1 - (1 + -16)) - 16
-6
Calculate (18949 - 18954) + (-5 + (-1 - -1) - 1).
-11
What is the value of -10 + (20 + (-2 - -1) - ((-69 - -71) + 6))?
1
What is the value of 48 + -25 + -9 + -25 + 112?
101
(12431 - 12486) + 2 + 0 + -1 + 1 + -7
-60
What is 28 + -4 - 5 - (0 + 14 - -5)?
0
Calculate -58 - -67 - (0 + 74 + (-11 - -8)).
-62
-3 - -14 - 4 - (7 + (7 - 7) + 76)
-76
What is -17 - (54 + -52) - 22?
-41
What is (-225 - -223) + (42 - (-2 - -2)) + (6 - -1)?
47
Evaluate (3 - 48) + (-73 - -63) + 43.
-12
What is the value of (-13 - ((-14 - -5) + -2 + 2)) + (0 - -76)?
72
Evaluate -13 - (2 + 14 + (-13 - (19 - 3))).
0
What is the value of (-37 - (33 + -66)) + (1 - -1) + 52?
50
What is 45 + (-9 - (-13 + 5 + (-4 - -4)))?
44
Calculate 29 - (95 + -5 + 18).
-79
What is 37 + (-5 - (-13 - -25 - 6))?
26
Evaluate -68 + 146 + -60 - ((-5 - -3) + -1).
21
Evaluate 3 - (0 - -7 - -2) - (6 + (10 - 16)).
-6
What is 0 - (27 + -47 + -4 - 25)?
49
(-24 - 2 - 12) + (87 - -9)
58
What is the value of 12 + -17 + 27 + -40?
-18
7 + -9 + (-24 - 10) + (2 - 14 - -1)
-47
What is (-12 - (1 + 15 + -33) - 11) + 58?
52
Calculate (2 + 12 + -9 - 7) + 52 + 13 + -8.
55
What is -67 - (-132 + (14 - -17))?
34
Calculate (-37 - -11) + (14 - 53 - 7).
-72
(6 - (23 + -19 + 4)) + -1 + 3 + -40
-40
Evaluate (-5 - -10 - -1) + -30 + 27 + 0 + -67.
-64
What is 10 + 28 + (-11 - -13) + -16 + -1?
23
Evaluate 247 + -281 + (172 - (0 + -1)).
139
Evaluate 225 - ((79 - 143) + 177).
112
What is the value of -2 - (-23 - 5) - (8 + (10 - (8 - -6)))?
22
What is the value of 685 + -599 - (57 - -5)?
24
What is the value of 37 - (-35 + (-39 - -112))?
-1
Evaluate 3 - (-6 + 78 + -95).
26
What is the value of (-79 - -59) + -1 + 15 + (0 - 5 - -1)?
-10
What is 40 + -1 + 0 + 2 - (-198 + -68 + 273)?
34
Calculate (-5 - (1 + -6)) + 32 + (-41 - -47).
38
What is -135 - -130 - (55 - 5)?
-55
Calculate 3807 + -3795 - (0 + 45).
-33
Calculate (61 - 13 - 65) + (-2 - 16).
-35
What is (-75 - (-32 - 29)) + (3 + 3 - 52)?
-60
Evaluate -7 + (-16 - -2 - (-10 - 17)) + (-21 - -32).
17
Evaluate 52 - 39 - (4 + 3 - 26) - -9.
41
Calculate 59 - ((-52 - -81) + 35).
-5
Evaluate (-3 - -32) + (39 + -1 - 16).
51
What is -25 - (-23 - 3 - (-157 - -102))?
-54
-18 + (-6 - (-16 - 24 - -29))
-13
What is (-58 + 31 - -30) + -8 - (0 + -52 + 3)?
44
Evaluate (22 - -1 - 41 - 40) + 23.
-35
Evaluate 5 + (-21 - 35 - (-1 + -1 + -2)).
-47
12 + (6 + (-21 - -5) - 34 - 10)
-42
Evaluate 10 + (-20 - -29) + -16 + (0 - 2).
1
Evaluate -110 - -116 - (7 - -68 - 8).
-61
What is the value of -7 - -36 - (-98 + 143)?
-16
What is the value of -2036 + 2197 + (-99 - -2)?
64
-89 - (143 - 222) - -140
130
Calculate -32 + -3 + 73 + 0 + (-11 - -5).
32
0 + -2 + (3 + -7 - -4) - 6
-8
What is the value of -13 + 39 - 41 - (-6 - -13)?
-22
Evaluate -1069 - -945 - ((-1 - 3) + -27).
-93
-12 - (-12 + 16 + 2 + 12) - -11
-19
What is the value of (27 - 55) + 13 + -35 + 16?
-34
(-3 + -65 - (-14 - -14)) + 27
-41
What is the value of 4172 - 4027 - (-3 - -82)?
66
What is the value of 9 + -94 - (-1 - -9) - (18 + -12 - 15)?
-84
Calculate 5 + (24 - 9) + -11 - (-27 - -4).
32
What is the value of 7 + (4 - -4) + -29 - (-1 - 60)?
47
What is -18 + 38 + (-10 - (2 - 2)) + 81?
91
Evaluate -19 - (-10 + (-61 - 3) + 18).
37
Evaluate -5 + 45 + (-195 - -107).
-48
Calculate (-6 - (26 + (13 - 19))) + -11.
-37
-3 - ((-5 - -1 - -19) + -6 + -42)
30
What is the value of (-4 - 25) + 14 - (33 - (-1 + 7))?
-42
(-15 + -3 - (3 - 4)) + -411 + 420
-8
What is (-4 - (12 - (5 + -3 + 17))) + -58 + -1?
-56
Evaluate (-13 + 18 - -56) + -23.
38
What is 1 + 0 - -35 - (-12 + 0 + 41 + -29)?
36
(2 - (39 - 59)) + (-83 - -7)
-54
Evaluate 73 + -100 + 74 + -14.
33
Calculate -54 + (32 - 49) + 38.
-33
What is the value of (305 - 136) + -87 + 2?
84
(43 + -84 - -101) + -50
10
(44 - 1) + (-28 - -2 - -44 - 3)
58
What is -19 - (-56 - (-14 - -6))?
29
3 - (-26 - (-17 + -25))
-13
-18 + 23 - (51 - (-8 + (9 - 2) - -5))
-42
What is the value of 24 - (13 - (35 - 40))?
6
Evaluate (-12 - (3 + -136)) + -44 + 2.
79
What is -85 + (-15 + -80 - -135)?
-45
Evaluate 116 + (-29 - -3) + (45 - 28).
107
Evaluate (-2 - (2 + -3)) + -13 - (4062 - 4063).
-13
What is 242 - (104 + 130) - (-1 + 1 + -2 + -38)?
48
What is the value of -9 + (-9 - -4) + 38 + 14 + -8?
30
Calculate (107 - 3) + -5 + (-22 - (-16 + 22 - 14)).
85
What is 3 - -19 - (-18 + (20 - (22 - 9)))?
33
-3 + 34 + -20 - (4 - (-1 - -4)) - -42
52
What is the value of 75 + (6 - 3 - (-3 + 25))?
56
What is 50 - (161 + -60 + -43)?
-8
Calculate 74 + 53 + -99 - ((0 - 20) + -1).
49
Evaluate 91 - (-5 - (71 - 82)).
85
What is 47 + (-24 - 16) + 29?
36
What is the value of -40 + 135 + (-67 - -4)?
32
What is (-191 + 60 - -139) + -7 + 1?
2
What is the value of 1 - (35 + -109 + 20 - 28)?
83
What is 44 - (11 - (-220 - -37) - 10)?
-140
What is 39 + -42 + (-6 - (-8 + 8))?
-9
What is 14 + (6 - 3) + -104 + 29?
-58
Evaluate 30 + -46 + 6 + (6 - 7 - -7).
-4
0 - -3 - (11 + (-9 - 1 - -2 - 3))
3
3909 + -3934 + (0 - -38)
13
Evaluate -720 - -719 - (-20 + -6).
25
45 - (19 + -7) - 59
-26
-16287 + 16282 - (-112 - (2 - 3))
106
Calculate (3329 - 3283) + 0 + -45.
1
-10 - 2 - (6 + -13 - -14)
-19
What is (-1 - 29) + -8 + 11 + (1379 - 1382)?
-30
What is (-136 + 141 - ((-6 - (-1 - -3)) + -65)) + -14?
64
What is the value of -2 + -75 + 59 + -2 + 7 - -21?
8
30 + (-6 - (48 + 5)) + 31
2
Evaluate 4 - 3 - ((-1 - 6) + (25 + 17 - 32)).
-2
Evaluate -111 + 47 + 153 + -238 - (1 + -2 + -11).
-137
Calculate -30 + 33 + -12 - ((2 - -4) + 0 + -80).
65
What is 112 + 131 + (-107 - 28)?
108
What is the value of (176 - 60) + -91 - (-3 - -18)?
10
Evaluate -10 + (-6 - 5) + (20 - -5) + 3.
7
13 - (-39 + (-6 - -40))
18
What is the value of -2 + 26 + 11 + 44 + -21?
58